12662. What are the prime factors of o?
211
What are the prime factors of 56/(-644) + 6 + (-6792604)/(-161)?
2, 7, 11, 137
Let c = 802 - 1182. Let z = -184 - c. Suppose 6*k - z = 2*k. What are the prime factors of k?
7
Suppose -24*z + 27*z = -5*r + 175074, 105006 = 3*r - 3*z. What are the prime factors of r?
2, 3, 5, 389
Suppose 0 = -39*d + 112*d - 739535 - 52661. What are the prime factors of d?
2, 2713
Suppose 6*p = 11*p + 435. Let u = p + 440. What are the prime factors of u?
353
Let r be 8 - 3*(-4)/(-3). Suppose -75 = -3*i + h, r*i = -4*h - 40 + 124. Suppose 0 = 4*u + 3*k - 43, -k - i = -2*u - 5*k. List the prime factors of u.
2, 5
Suppose n = 4*g + 7, -n + 3*g - 3 = -3*n. Let s = -841 + 841. List the prime factors of (-12)/n + 63 + s.
59
Let p(s) = 4*s**2 - 159*s + 112. What are the prime factors of p(48)?
2, 53
Let w(t) = t**3 + 8*t**2 - 2*t - 11. Let b be w(-8). Suppose c = -b*c + 30. Suppose 3*y - 318 - 45 = -3*i, -c*y = 3*i - 373. What are the prime factors of i?
2, 29
Let t(n) = 79*n**3 - n**2 + 2*n - 1. Let r be t(1). Suppose 84*j - 450 = r*j. List the prime factors of j.
2, 3, 5
Let l(c) = c**3 - 3*c + 6. Let i be l(-6). What are the prime factors of (i/(-120))/((-3)/(-2325))?
2, 5, 31
Let a be (3 + 80/(-12))*-3 - -1. Let p be 14/(-6) - (-1)/(a/(-8)). Let o(i) = -i**3 + 4*i**2 + 5*i + 3. What are the prime factors of o(p)?
3, 17
Let o = -1553 + 4906. Suppose 4*t - 4*f - o = -301, -4*f = -2*t + 1516. List the prime factors of t.
2, 3
Let u(l) = -2*l**2 + 86*l - 25. Let s(a) = 2*a**2 - 88*a + 24. Let r(p) = 3*s(p) + 4*u(p). List the prime factors of r(34).
2, 5, 19
Suppose 8*g + 31280 = 10*g. What are the prime factors of (g/102)/(0 + (-2)/(-3))?
2, 5, 23
List the prime factors of ((-60)/180)/(2/(-9930)).
5, 331
Suppose 23*b = 24*b + 2. What are the prime factors of 1*(b + -2 + 738)?
2, 367
Let g(x) = 3*x - 7. Let o be g(3). Suppose 0 = -o*l - 136 - 76. Let j = l + 177. What are the prime factors of j?
71
Let x(n) = 3*n + 9. Let h(o) = -3*o - 11. Let m(v) = -4*h(v) - 5*x(v). Suppose -5*i + 3*y - 7 = 66, 1 = y. What are the prime factors of m(i)?
41
Let m(n) = -n**3 + 8*n**2 + n - 8. Let l be m(8). Suppose l = -8*y + 18*y - 3810. List the prime factors of y.
3, 127
Let q be 46/22 - 2 - (-88060)/308. Suppose 3*y + q = 5*c - 97, 0 = 5*c - 4*y - 379. What are the prime factors of c?
79
Let z(x) = x. Let p(g) = -20*g + 5. Let l(y) = p(y) + 5*z(y). Let k = -7 + 5. List the prime factors of l(k).
5, 7
Let w = 727 - 422. Let j = w - -83. What are the prime factors of j?
2, 97
What are the prime factors of 1/(-3) + 171*1988/378?
29, 31
Let d(s) = 55*s**3 - 25*s**2 + 143*s + 21. List the prime factors of d(9).
2, 3, 6563
Let q(z) = -1459*z - 699. What are the prime factors of q(-8)?
10973
Let k = 41 + -36. Suppose -2*n = k*s + 3*n - 2250, 2*n + 459 = s. List the prime factors of s.
3, 151
Suppose 3*d - 18 = -0*d. Let c be 114/15 + d/(-10). Suppose -c*x = -6*x - 38. What are the prime factors of x?
2, 19
List the prime factors of -5 + (6 - (6 + -1)) + 2 + 1069.
11, 97
Let f(a) = -20*a - 101. Let b be f(-27). Let o = b + -63. What are the prime factors of o?
2, 47
Let z = -325 + 330. Suppose -z*b + 26 = o, 5*o + 11 + 27 = 3*b. What are the prime factors of b?
2, 3
Let p = 374 + 232. What are the prime factors of p?
2, 3, 101
Let k = 3507 + 1265. List the prime factors of k.
2, 1193
List the prime factors of 44/(-8)*(-13216 + -88).
2, 11, 1663
What are the prime factors of 7693 - (8/(24/(-21)) - 0)?
2, 5, 7, 11
Suppose 0 = -52*g + 238467 + 137441. What are the prime factors of g?
7229
Suppose 2320 = 175*b - 179*b. Let c = 962 + b. List the prime factors of c.
2, 191
Suppose 3*j = -7*j + 55805 + 60005. What are the prime factors of j?
37, 313
Let w be 5/((-17)/2 - -6). Let f(u) = -20*u**3 + u**2 - 3*u - 1. What are the prime factors of f(w)?
13
List the prime factors of (-1 + 1 + -23064)*(-6)/18.
2, 31
Suppose 78 = -13*v + 221. Suppose -v*n = -7*n - 3876. What are the prime factors of n?
3, 17, 19
Suppose g + 3*f + 561 = 8267, -2*f = -3*g + 23151. What are the prime factors of g?
5, 1543
Suppose -5*x + 3*v - 436 + 7112 = 0, 1342 = x - 4*v. List the prime factors of x.
2, 23, 29
Let n(a) = -a**3 - a**2 + a + 12. Let k be n(0). Suppose -2*g = -4*w - 2431 + 327, -w = g - 1049. What are the prime factors of g/k + 4/8?
2, 11
Suppose -20*a + 25*a - 30 = 0. Let w be 6/9*((-21)/a + 2). List the prime factors of 1/(w/3) - (-19 - 1).
17
Suppose -10 = -5*k + 3*k. Suppose -k*x - 5*v + 1075 = 0, -x + 0*v + 211 = 2*v. Let i = x + -91. What are the prime factors of i?
2
Let a(s) = -2*s + 64. Let q be a(32). List the prime factors of ((1 - q) + 0)*191/1.
191
Let q = -978 + 505. Let g = q - -726. List the prime factors of g.
11, 23
Let v(j) = -j**3 - 19*j**2 + 161*j - 56. What are the prime factors of v(-40)?
2, 7, 11
Let d(y) = -7*y**3 + 6*y**2 + 16. Let j(s) = -s**3 - s**2 - s - 1. Let v(o) = d(o) - 5*j(o). Let l be v(8). Let c = -110 - l. What are the prime factors of c?
149
Let k = 206 - 64. Suppose -4*i - 11*t = -7*t - 536, k = i + 3*t. What are the prime factors of i?
2, 5, 13
Let n(z) = -102*z - 43. Let v be n(-6). Suppose 145 = -j + 3*r, 0 = -4*j + 4*r + 5 - v. Let o = j + 293. What are the prime factors of o?
2, 7, 11
Suppose 0 = 6*z + 4*z + 4840. List the prime factors of -3 + 2 - z/4.
2, 3, 5
Suppose -33*b + 29*b + 12 = 0. Suppose 3*l - 29 = -0*r + r, -3*l + b*r + 39 = 0. Suppose -2*z = l - 18, k - 222 = -4*z. What are the prime factors of k?
2, 101
Let s(r) = r**2 - 39*r - 36. Let t be s(40). What are the prime factors of t*(-4)/(-4) + 85?
89
Suppose 3*f - 944 = n, 0*f + 312 = f - n. Suppose 0 = 39*l - 43*l + f. What are the prime factors of l?
79
List the prime factors of ((-1587)/18)/((-37)/222).
23
Let d(c) = -10*c**2 - 53*c + 6. Let h be d(-6). What are the prime factors of 1767/12 + -2 + (-27)/h?
2, 73
List the prime factors of (0 - (-2)/16) + 3136182/336.
2, 13, 359
Suppose 3 = -3*u, t + 372 - 86 = 4*u. Let z = 2213 + -2313. Let x = z - t. List the prime factors of x.
2, 5, 19
Suppose 2*r + 5*f = 2797, 5*r = 8*r - 2*f - 4243. What are the prime factors of r?
17, 83
Let j(f) = -f**3 - 6*f**2 + 8*f + 7. Let l be j(-7). Suppose 4*z + 3*r - 908 = l, -2*r + 4 - 12 = 0. What are the prime factors of z?
2, 5, 23
Let m = -55 + 47. Let v be (-30)/m - 3 - (-321)/(-12). List the prime factors of (30/v + (-22)/(-143))*-119.
7, 17
Let n be (-81)/(-189) - (-25)/7. Suppose 1720 = n*l + g - 90, l - 455 = g. List the prime factors of l.
3, 151
Suppose j = -3*k + k + 19, -3*k = 2*j - 28. Suppose k*g = 498 + 12592. What are the prime factors of g?
7, 11, 17
Let z = -547 - -303. Let n be (-7)/((-66)/69 + 1). Let h = n - z. List the prime factors of h.
83
Let r be (-263077)/(-5) + 14/(-35). List the prime factors of r/425*(0 - -5).
619
Let w(q) = 45*q**3 - 3*q**2 - 47*q + 290. List the prime factors of w(6).
2, 5, 13, 37
Suppose 3*w = -0*w + 234. Suppose w = -2*m + m. Let v = -51 - m. List the prime factors of v.
3
Suppose 6921 = 2*h - 3*f, 6933 = 2*h - 0*f + f. What are the prime factors of h?
3, 5, 7, 11
Suppose -155*i = -152*i - 384. Let t = i - -684. What are the prime factors of t?
2, 7, 29
Let h be (1/(-3))/((-4)/204). Let w be (1/((-11660)/(-5828) - 2))/1. Suppose -w - h = -11*q. What are the prime factors of q?
2, 67
Let q(r) = 3*r**2 + r + 19. Let k be 19/7 - ((-64)/28 + 2). Suppose -k*l - 3 = 3*x + 2*x, 2*l + 3 = -3*x. List the prime factors of q(l).
11
What are the prime factors of (-294879)/(-9) - 336/(-504)?
5, 6553
Let t = 7024 + -3701. Suppose 0 = 19*m + t - 11512. What are the prime factors of m?
431
Let u(p) = -2*p**3 + 23*p**2 + 11*p - 5. Let v be (-32)/14*((-294)/(-4))/(-21). What are the prime factors of u(v)?
3, 59
Let q = 45845 - 26868. List the prime factors of q.
7, 2711
Let m(o) = 1177*o**2 - 135*o - 31. List the prime factors of m(4).
3, 2029
Suppose 0 = 42*l - 2*l - 1960. Suppose 41*j = l*j - 80. List the prime factors of j.
2, 5
Let a be 16/((-64)/8)*(-25257)/2. Suppose -4062 - a = -29*c. What are the prime factors of c?
3, 337
Suppose 0 = 33*r - 191326 - 115982 - 60015. What are the prime factors of r?
11131
Suppose 0 = -4*d + 76*a - 75*a + 21042, 5*a = -3*d + 15747. List the prime factors of d.
3, 1753
Let z be 32/272 - (-4)/(-34). 